j = -79 + l. Suppose 5*h - 2*h = j. What are the prime factors of h?
13
Suppose 11 = 4*s + 6*v - v, -3*v + 21 = 4*s. Let d = s + -3. Let p(a) = a**2 - 3*a - 7. What are the prime factors of p(d)?
11
Suppose -5*d - 205 = 2*n - 6*n, -5*n + 2*d + 235 = 0. List the prime factors of n.
3, 5
Let q(y) = 11*y - 10. Let a be q(8). Suppose -a = -3*b - 6. What are the prime factors of b?
2, 3
Let l(w) = 2*w**3 + w**2 + w - 1. Let d(t) = 2*t + 2. Let j be d(0). What are the prime factors of l(j)?
3, 7
Let w(y) = y**3 - y**2 - 2. Let f(a) = -a**2 + 8*a - 9. Let x be f(6). Suppose x*b + 2 = b, -5*b = -2*l + 9. List the prime factors of w(l).
2
Let h(g) = 7*g + 71. What are the prime factors of h(18)?
197
Let a(s) = -9*s + 4. Let r(l) = -2 + 10*l + 5*l - 5*l - 1. Let c(d) = -4*a(d) - 5*r(d). What are the prime factors of c(-1)?
13
Let t = -7 - 1. Let p(q) = -q**3 - 7*q**2 + 8*q + 10. List the prime factors of p(t).
2, 5
Let i be (-4)/(-2) - (2 + -2). Suppose -g = i*g. What are the prime factors of (g + (0 - -1))*11?
11
Let n = 5 - -3. List the prime factors of ((-9)/(-2))/(n/16).
3
Let x(j) = j**3 + 7*j**2 + 3. Let t be x(-7). Let g = -1 + t. What are the prime factors of g?
2
Suppose 2*h = 2 - 0, 5*j - 5*h = 100. List the prime factors of j.
3, 7
Let b = -114 - -178. What are the prime factors of b?
2
Let l(g) be the first derivative of g**4/4 - g**3/3 - 3*g**2/2 - 4*g - 4. Let o be 1/(-5) - (-16)/5. List the prime factors of l(o).
5
What are the prime factors of -1 + (24/20)/(4/280)?
83
Suppose 13*p + 15 = 8*p. Let x(r) = r + 5. List the prime factors of x(p).
2
Suppose -2*r = 4 - 12. List the prime factors of 2 + (-136)/(-4) + r.
2, 5
Suppose -3*r + 120 = 5*g, 42 = 4*r - 3*r + g. Suppose r = w - 0*w. Suppose -4*i = i - w. List the prime factors of i.
3
Let n = -42 + 86. List the prime factors of n.
2, 11
List the prime factors of ((-3)/(-6))/(8/3344).
11, 19
Suppose 2*y - 3*y + 2*f = -89, -5*y - 2*f = -409. List the prime factors of y.
83
Let o(h) = h**2 + h + 8. What are the prime factors of o(-7)?
2, 5
Suppose 2*a + 3*a - 10 = 0. Suppose a*p - 3*j = 8 + 8, 4*p + 8 = -4*j. Suppose -3*q - 3*c + 12 = -6, 4*q = -p*c + 18. What are the prime factors of q?
3
Let l(r) = -r**2 - 7*r + 2. Let u(o) = -o**2 - 2*o + 2. Let q be u(-2). Let z = q - 7. List the prime factors of l(z).
2, 3
Suppose 1297 + 67 = 4*i. What are the prime factors of i?
11, 31
Suppose -2*t = -5*k + 8, -2*k + 4*k = 3*t + 1. What are the prime factors of k?
2
Let q(v) = 12*v - 1. Let c be q(2). Suppose -3*l = t + c, -4 = -4*l + 2*t - 18. Let f = l - -13. What are the prime factors of f?
7
Let y be (-3)/2 + (-1)/2. Let r = y - -21. What are the prime factors of r?
19
Let o = 90 - 52. What are the prime factors of o?
2, 19
Let v(l) = -l - 6. Let g be v(-9). Suppose -7*f + g*f + 64 = 0. What are the prime factors of f?
2
Suppose 11 = 4*v + 5*u, 0 = -4*v + v + 5*u + 17. Suppose 5*b + 34 = v. Let l = b - -14. What are the prime factors of l?
2
Let h be 2*((-25)/(-2) + 0). Let j = -17 + h. List the prime factors of j.
2
Let c(h) = h**2 - 3*h + 3. Let q be c(3). Suppose -q*x = -0*x - 153. Suppose 10 = 2*d - 4*r, -d = 4*d + 3*r - x. What are the prime factors of d?
3
Let n = 72 + -42. List the prime factors of n.
2, 3, 5
Let u(g) = g**2 - 2*g - 1. Let r be u(-2). Let n = -92 - -96. What are the prime factors of r/2 - 2/n?
3
What are the prime factors of (-6)/18 - (-404)/6?
67
Let l = 208 - 73. List the prime factors of l.
3, 5
Suppose -24 - 48 = -3*t. Suppose 0*j = j - t. Suppose -2*a + j = 4*b, -b - 1 = -6. List the prime factors of a.
2
Let n be 6/15 - 4/10. Suppose -3*g - 4*b = 11, g + 4*b - 1 = -2. List the prime factors of (n + 3)/(g/(-15)).
3
Suppose -5*s + 8 = -22. What are the prime factors of s?
2, 3
Let l(o) = 5*o + 6. List the prime factors of l(9).
3, 17
Suppose -3*w = 15 - 6, -2*k + 2*w = -8. Suppose x = -i - k, 3*x + 4*i = -2*x. What are the prime factors of x?
2
Suppose 2*q = -4*b - 32, 0*b + 16 = -4*b. Let h = -10 - q. What are the prime factors of (-5 - 6/h) + 12?
2, 5
Suppose -2*q + 3 = -5. Let m be q/22 + 202/(-22). What are the prime factors of (-12)/m*3/2?
2
Let x(a) = -a**3 + 6*a**2 + 9*a - 9. Let k be x(7). Let s(n) = 2*n + 6. List the prime factors of s(k).
2
Suppose -2*x = -19 - 13. What are the prime factors of x?
2
Let u(z) = 10 - 4*z + 3*z + 1 + 2*z. Suppose 4*j = v + 9, -4*v + 2*j = v + 27. What are the prime factors of u(v)?
2, 3
Let v = -31 + 54. What are the prime factors of v?
23
Let o(j) = -j**3 - 6*j**2 - 6*j. Let r be 6/3 + -6 + -1. Let a be o(r). Suppose 4 = m - f - 6, a*f + 5 = -4*m. List the prime factors of m.
5
Suppose 0 = -3*y - 37 + 7. Let i = y - -17. Suppose i*m - 3*m - 12 = 0. List the prime factors of m.
3
Let b = 3 + 12. Suppose 59 = 2*m + 15. Let a = m - b. What are the prime factors of a?
7
Suppose 2*d - 69 = -y, -117 = 4*y - 6*y + 3*d. List the prime factors of y.
3, 7
Let g = -180 - -274. Let f = g + -65. What are the prime factors of f?
29
Suppose 33 - 108 = -t + 2*d, 2*t = 2*d + 146. List the prime factors of t.
71
Suppose -2 - 13 = 5*n, 3*r + 5*n = 420. List the prime factors of r.
5, 29
Let s(u) = -46*u - 59. What are the prime factors of s(-8)?
3, 103
Let m be (-5)/(-10)*(-6 - 0). Let b be m*(-1*3)/(-3). Let f(t) = -3*t. What are the prime factors of f(b)?
3
Suppose -4*w = w. Suppose -3*c + 8*c - 5*i - 140 = 0, 4*c - 3*i - 108 = w. What are the prime factors of c?
2, 3
Let k(w) = 3*w**3 - 8*w**2 - w + 5. What are the prime factors of k(4)?
5, 13
Let v = 13 - 2. Suppose -1 = -5*i + 5*j - v, j = 3*i - 2. Suppose i*m - 25 = -9. List the prime factors of m.
2
Let s = -8 - -13. Suppose s*f - 90 = -0*f. What are the prime factors of f?
2, 3
What are the prime factors of 36/(-21)*42/(-4)?
2, 3
Let l(a) = -a**3 - 11*a**2 - 14*a - 6. Let j be l(-10). Suppose 6*u - j = 5*u. What are the prime factors of u?
2, 17
Let y(z) = 5*z. Let n(f) = 2*f. Let v(g) = -5*n(g) + 3*y(g). Let h be v(6). Suppose 0 = -4*b + b + h. List the prime factors of b.
2, 5
Let f = 17 + -11. Let z = f - -14. Suppose -5*j + 3*j = -5*h + 64, 0 = -2*h - 2*j + z. What are the prime factors of h?
2, 3
Let s(r) = -4*r**2 - 10*r + 12*r**2 + 0*r**3 + r**3. Suppose 3*x + 3*q = -30, 5*x + 5*q = 3*x - 23. List the prime factors of s(x).
3
Suppose -r + 4*r - 6 = 0. Let f be (0 + 0)*(1 + 0). Suppose 3*i + 10 = -o - r, f = o + i + 2. What are the prime factors of o?
3
Let a(s) be the third derivative of -s**6/120 + 2*s**5/15 - 5*s**4/24 + 2*s**3/3 - 2*s**2. What are the prime factors of a(7)?
2, 3
Suppose 4*v + 220 = 5*c, c = -2*v + 52 - 8. What are the prime factors of c?
2, 11
Suppose 0 = -2*s + 35 - 3. What are the prime factors of s?
2
Let w(n) = -n + 21. What are the prime factors of w(9)?
2, 3
Let b = 62 - 4. What are the prime factors of b?
2, 29
Let w(l) = 0*l + l**2 - 4 - 3*l + l. What are the prime factors of w(-3)?
11
Let r be 4/(2 + (-3 - -2)). Suppose 0 = -4*l + 2*t + 8, 0*t + r = -t. What are the prime factors of 3/((l + -3)/(-15))?
3, 5
Let g = -30 - -56. Suppose 0 = 4*h - k - g, 4*h + k + k = 20. What are the prime factors of h?
2, 3
Suppose 284 = 6*z + 50. What are the prime factors of z?
3, 13
Suppose -3*a + 6 = -q, 0*a + 2*a - 4*q = 4. Suppose -a*p + 20 = 2*p. Suppose 2*c - 2*g = 6, -14 = -p*c - g + 19. What are the prime factors of c?
2, 3
Let x(m) be the second derivative of -m**5/20 - 3*m**4/4 - 3*m**3/2 + m. List the prime factors of x(-8).
2
Suppose 0 = 4*m + f + 7, -2*m + 0*m + 4 = -2*f. What are the prime factors of m/(-6) - 287/(-42)?
7
Suppose 0 = -2*c + 3*c, -c - 80 = -5*l. Let z = 29 - l. What are the prime factors of z?
13
Let g(w) = -w**3 + 2*w**2 - w + 1. Let d be g(2). Let s(t) = -7*t**3 - t**2. List the prime factors of s(d).
2, 3
Suppose -5*x + 167 + 23 = 0. List the prime factors of x.
2, 19
Let p be 692/28 - (-2)/7. Suppose -8*q + 7*q = -p. List the prime factors of q.
5
Suppose -3*u + 13 = -2. Suppose u*z - 55 = -3*i, -3*i + 29 + 27 = 4*z. List the prime factors of i.
2, 5
Let k(u) = 3*u - 6. List the prime factors of k(9).
3, 7
Suppose 9*d - 135 = 4*d. What are the prime factors of d?
3
Let d(a) = -a**3 - 4*a**2 + 2*a + 5. Let j be d(-4). Let k = j - -15. What are the prime factors of k?
2, 3
Suppose 3*y = 2*m + 11, y + 3 = 5*m - 2. Suppose -n - 22 = 11.